 l(q) = -52*q**3 + 663*q**2 + 104*q - 129. Give l(13).
-974
Let w(m) = 7*m**3 + 3297*m**2 + 93*m + 43810. Give w(-471).
7
Let x(m) = 1471*m + 376585. What is x(-256)?
9
Let j(l) = 2*l**2 - 224*l + 1837. Calculate j(102).
-203
Let h(p) = -p**2 + 292*p - 8965. Calculate h(257).
30
Let n(c) = -c**3 + 31*c**2 - c - 2448. Calculate n(28).
-124
Let d(g) = -92*g**2 - 119*g + 65. Determine d(-2).
-65
Let v(l) = 5837*l + 35017. Calculate v(-6).
-5
Let z(g) = -6*g**2 - 107*g + 140. What is z(-10)?
610
Let u(y) = -2768*y - 22018. Determine u(-8).
126
Let n(c) = -8115*c - 194737. What is n(-24)?
23
Let j(n) = -9*n**2 + 500*n + 385. What is j(57)?
-356
Let r(t) = 5*t**2 - 1169*t - 231. What is r(234)?
3
Let y(n) = -n**3 + 80*n**2 - 291*n + 3594. Determine y(77).
-1026
Let x(w) = 1469*w + 65968. Determine x(-45).
-137
Let r(o) = 2*o**3 - 1145*o**2 + 5553*o + 608. What is r(5)?
-2
Let j(f) = 18*f**3 + 3*f**2 + 12*f - 33. Give j(-3).
-528
Let h(o) = -o**3 - 56*o**2 - 142*o - 69. Give h(-53).
-970
Let r(j) = 768*j**2 + 292*j - 292. Give r(1).
768
Let s(p) = 111677*p + 781604. Give s(-7).
-135
Let v(l) = -l**3 - 46*l**2 + 4941*l + 292. Calculate v(51).
-14
Let w(d) = -d**3 + 332*d**2 + 312*d + 7865. Calculate w(333).
872
Let h(z) = -2*z**3 + 3*z**2 + 223*z - 1042. Give h(7).
-20
Let q(v) = -20*v**2 - 35540*v - 35541. Determine q(-1).
-21
Let p(w) = -2*w**3 - 404*w**2 + 339*w + 68474. Calculate p(-202).
-4
Let c(f) = 2*f**2 + 42*f - 123. What is c(-22)?
-79
Let c(x) = -5*x**3 - 330*x**2 - 5434*x + 194. Give c(-32).
2
Let c(f) = -f**3 - 426*f**2 + 1043*f + 80059. Calculate c(-428).
23
Let q(k) = 2*k**3 + 8*k**2 + 148*k - 747. Give q(4).
101
Let q(f) = f**3 + 139*f**2 - 72*f + 9642. What is q(-140)?
122
Let u(a) = 2*a**3 + 58*a**2 + 211*a - 14. What is u(-4)?
-58
Let x(m) = -m**2 - 2707*m - 88278. What is x(-33)?
-36
Let t(z) = 1012*z**2 + 4124*z - 1. Determine t(-4).
-305
Let j(q) = 61*q**2 + 359*q - 13119. Calculate j(12).
-27
Let l(g) = 2*g**3 + 90*g**2 + 604*g - 2946. Calculate l(-13).
18
Let t(z) = z**2 - 3118*z + 86528. Give t(28).
8
Let u(z) = -4444*z - 10547. What is u(-2)?
-1659
Let l(r) = 2*r**2 - 123*r - 34116. Calculate l(165).
39
Let u(w) = 3100*w - 638439. Calculate u(206).
161
Let s(o) = -289*o**2 + 1013*o + 49. Calculate s(3).
487
Let z(j) = 22*j**2 - 153*j - 2094. Calculate z(-10).
1636
Let f(i) = 25*i**3 + 6*i**2 - 91*i - 206. Determine f(-2).
-200
Let w(m) = 4*m**3 + 49*m**2 + 65*m - 46. Calculate w(-2).
-12
Let j(t) = 7*t**2 + 6251*t - 50456. Give j(8).
0
Let y(h) = 34*h + 396. Give y(-10).
56
Let g(r) = 11*r**3 - 436*r**2 - 1082*r - 423. What is g(42)?
-3
Let j(h) = h**3 - 532*h**2 + 46101*h + 657. Calculate j(109).
3
Let m(l) = 35*l**2 + 9687*l + 228200. Give m(-26).
-2
Let m(g) = -g**3 + 13*g**2 - 156*g + 1200. Give m(10).
-60
Let c(n) = -n**3 - 6*n**2 - 25*n - 40. Calculate c(-2).
-6
Let h(l) = -8*l**3 - 31*l**2 - 145101*l - 580421. Determine h(-4).
-1
Let c(h) = 71*h**2 + 16*h - 70. Give c(4).
1130
Let o(y) = -y**2 + 30394*y + 151990. What is o(-5)?
-5
Let u(t) = t**3 + 41*t**2 - 182*t + 476. What is u(4)?
468
Let w(q) = q**3 + 72*q**2 + 144*q + 330. Determine w(-70).
50
Let l(t) = -546399*t + 8742390. Give l(16).
6
Let h(g) = -g**3 + 9*g**2 - 66*g - 23. What is h(0)?
-23
Let k(u) = -2*u**3 + 146*u**2 + 8611*u - 626255. Calculate k(74).
7
Let i(w) = -w**2 - 1092*w - 195710. What is i(-866)?
6
Let m(q) = -2*q**2 + 190*q - 4118. Give m(34).
30
Let c(j) = j**3 - 39*j**2 + 152*j - 672. Calculate c(35).
-252
Let z(a) = -320870*a - 16043507. Determine z(-50).
-7
Let k(o) = -654*o - 10424. Calculate k(-16).
40
Let r(t) = 91*t**2 - 576*t - 2998. Give r(-5).
2157
Let g(t) = 189*t + 1540. What is g(-8)?
28
Let h(y) = y**2 - 7*y - 103. What is h(-26)?
755
Let m(l) = -3*l**3 + 240*l**2 + 2813*l + 1135. What is m(-10)?
5
Let b(t) = -11*t**2 + 6187*t + 40950. Give b(569).
-18
Let d(g) = 8*g**3 - 287*g**2 - 51*g + 34. Determine d(36).
-506
Let a(l) = -6*l**2 - 612*l - 7286. What is a(-12)?
-806
Let h(a) = -47*a**3 + 18*a**2 + 14*a - 23. Calculate h(3).
-1088
Let p(n) = 292*n - 9373. Calculate p(34).
555
Let x(v) = v**3 - 7*v**2 - 1111*v + 37. What is x(37)?
0
Let x(b) = -b**3 - 57*b**2 - 8*b - 395. Determine x(-57).
61
Let l(u) = 9*u**3 - 11*u**2 + 13*u + 22. Determine l(6).
1648
Let c(l) = -31*l**2 - 1071*l + 1071. What is c(1)?
-31
Let s(h) = -32295*h - 2357549. Give s(-73).
-14
Let z(v) = 16*v**2 - 133*v - 1325. Calculate z(-6).
49
Let c(t) = -t**2 - 22*t - 82. Calculate c(-34).
-490
Let u(x) = x**3 + 144*x**2 - 299*x - 1337. Give u(-146).
-315
Let m(r) = -5*r**2 - 249*r - 2813. What is m(-17)?
-25
Let c(o) = -22*o**2 - 2660*o - 43. Determine c(0).
-43
Let a(k) = 882*k + 34434. Determine a(-39).
36
Let d(q) = -q**3 - 12*q**2 + 144*q + 193. What is d(-19)?
-16
Let y(k) = -2*k**2 + 672*k + 31028. Calculate y(-42).
-724
Let w(b) = 460*b + 14779. What is w(-32)?
59
Let r(t) = -5323*t + 43102. Calculate r(8).
518
Let t(y) = -8*y**2 + 1716*y + 19893. Determine t(-11).
49
Let d(g) = 112*g - 4123. Calculate d(22).
-1659
Let l(i) = -15*i**2 + 2739*i + 1057. Determine l(183).
-41
Let o(k) = -4328*k - 64895. Give o(-15).
25
Let x(g) = -171*g**3 - 2213*g**2 + 130*g + 4. Calculate x(-13).
4
Let v(j) = -1304*j + 12363. Determine v(9).
627
Let x(i) = 2*i**3 - 466*i**2 + 467*i - 707. Calculate x(232).
-11
Let b(w) = 1931*w**2 + 11600*w + 21. Give b(-6).
-63
Let z(u) = 8*u**2 - 49*u - 468. What is z(-4)?
-144
Let x(w) = 6689*w - 60252. Calculate x(9).
-51
Let y(t) = -t**2 - 18618*t - 3136150. Give y(-170).
10
Let z(q) = 9*q**3 - 156*q**2 - 929*q + 53. Give z(-6).
-1933
Let k(q) = 1347015*q - 6735070. Give k(5).
5
Let z(h) = 2118*h - 55066. Calculate z(26).
2
Let f(n) = n**3 - 8*n**2 + 174*n - 1619. Determine f(9).
28
Let q(i) = -18376*i + 56327. What is q(3)?
1199
Let k(z) = -2*z**2 - 15271*z - 14680924. Determine k(-1128).
-4
Let k(x) = -4443*x + 204396. Give k(46).
18
Let s(r) = -20*r - 4433. Determine s(-223).
27
Let s(i) = 227*i**3 + 3418*i**2 + 200*i + 50. Give s(-15).
-25
Let d(g) = -g**2 + 56*g + 2367732. Determine d(1567).
-5
Let p(v) = -v**3 - 133*v**2 - 706*v + 6736. Calculate p(-127).
-376
Let x(w) = -39*w + 856. Determine x(35).
-509
Let r(p) = -1799*p + 275286. Determine r(154).
-1760
Let c(y) = -y**2 - 527*y + 16794. What is c(30)?
84
Let r(j) = 11*j**2 - 155*j - 1200. Calculate r(-5).
-150
Let y(i) = -110*i**2 - 46428*i - 3056. Calculate y(-422).
320
Let x(u) = -11*u**2 + 1013*u + 884. What is x(93)?
-46
Let i(n) = -n**3 - 53*n**2 + 89*n - 1168. What is i(-55)?
-13
Let y(m) = -4*m**3 - 40*m**2 + 139*m - 186. Give y(4).
-526
Let l(k) = 335*k + 79884. Calculate l(-240).
-516
Let w(x) = -2*x**2 - 46*x + 39778. What is w(-153)?
-2
Let x(s) = -937*s + 12419. Give x(12).
1175
Let o(m) = 3*m**3 - 4*m**2 + 184*m + 554. Determine o(-3).
-115
Let c(i) = -2*i**2 - 1184*i - 158361. Determine c(-387).
309
Let t(q) = 53*q - 5823. Determine t(121).
590
Let r(s) = 153*s**2 + 1313*s + 4. What is r(-9)?
580
Let l(x) = x**3 + 150*x**2 - 240. What is l(-150)?
-240
Let f(d) = -4*d**3 + 239*d**2 + 3458*d + 153. Determine f(-12).
-15
Let u(c) = -c**3 + 439*c**2 - 25*c - 180953. Determine u(438).
-59
Let p(s) = -s**3 + 27*s**2 - 101*s + 1608. Give p(25).
333
Let b(v) = 9*v**2 - 739*v - 1334. Give b(84).
94
Let a(c) = 3*c**2 - 542*c + 13168. Calculate a(152).
96
Let f(q) = -10*q**3 - 291*q**2 - 27*q + 55. Calculate f(-29).
-3
Let y(k) = -3*k**3 - 3*k**2 + 1084*k - 1083. What is y(1)?
-5
Let j(s) = 39108*s**2 + 1486104*s + 18. Calculate j(-38).
18
Let k(c) = -10941*c + 162. Calculate k(0).
162
Let x(a) = a**3 + 14*a**2 - 1062*a - 7797. Calculate x(-7).
-20
Let r(x) = -3*x**2 - 2*x + 123. Calculate r(6).
3
Let j(c) = -9*c**2 + 586*c + 6824. Give j(75).
149
Let j(u) = -u**3 + 6*u**2 + 1288*u + 54. What is j(-33)?
21
Let q(r) = 6959*r + 1336305. What is q(-192)?
177
Let x(j) = -j**3 - 140*j**2 + 280*j - 585. Calculate x(-142).
-17
Let c(b) = -5*b + 2089. What is c(-3)?
2104
Let d(f) = 645*f - 11000. Calculate d(17).
-35
Let l(x) = -2*x**3 + 62*x**2 + 384*x + 250. Determine l(-5).
130
Let y(r) = 7229*r - 7333. Determine y(1).
-104
Let k(j) = -686*j - 7512. Calculate k(-10).
-652
Let d(l) = -4862*l + 2358073. Give d(485).
3
Let w(a) = 838*a - 25200. Determine w(30).
-60
Let n(d)